7)?
30
Calculate 27 + 7 + -28 - -1.
7
6 - (-114 + 116 - (-12 + 0))
-8
Calculate 5 - -4 - (1 - 22 - (-21 - -9)).
18
Evaluate 9 + 2 - -1 - 16.
-4
Calculate (-1 - -1) + -13 + (-2 - -10 - 13).
-18
Evaluate (-91 + 82 - (-16 + 0)) + 2.
9
Evaluate 53 + -51 - (1 + -6) - (5 - 2).
4
What is the value of 23 + -42 + (1 - -21)?
3
What is the value of 18 + (-4 - -10) + -1 + -7?
16
What is the value of 10 - (-12 - (-14 + -5))?
3
44 + -43 + (5 - 1) - -3
8
Evaluate -4 - ((-14 - -5) + 5).
0
What is the value of 7 + 4 + -25 - -35?
21
(-3 - 3) + (5 - (1 + 1) - 8)
-11
Calculate 11 - (3 - (9 - 7) - (-4 - -7)).
13
What is the value of (3 - 3) + 3 + (14 - 1)?
16
What is the value of 9 + -9 + (-4 - (0 + -13) - -4)?
13
Evaluate -1 + (13 - (9 - -11)) + 1 + -1.
-8
What is (-4 - -12) + 9 - 7?
10
Evaluate 4 + 28 + -2 + 3 + -2.
31
-7 + -30 + 13 - -33
9
Evaluate 16 - (12 - (-5 + 8)).
7
Calculate 15 - (-5 + 6) - (11 + -4).
7
Calculate 2 + 3 - ((-6 - (-6 + 8)) + 3).
10
Calculate -3 + (12 - 34) + (0 - (11 - 15)).
-21
What is 1 - -18 - (70 + -49)?
-2
Evaluate 2 + 2 + 7 + -11 + (-3 - -12).
9
(-4 - 7 - (0 + -2)) + 21 + -6
6
Calculate (-20 - (14 - 30)) + (1 + -3 - 0).
-6
Calculate 11 + 1 + 235 + -242.
5
Calculate -14 - -35 - (8 - (-5 + 9)).
17
What is the value of -2 + -2 + -3 + 11 + -5 + -3?
-4
What is the value of 10 - -21 - (1 - -2)?
28
Calculate (-395 - -392) + (-1 + -1 + 4 - -1).
0
(-5 - -5) + 10 + (1 + -1 - -2)
12
What is -4 + 24 - (19 + -2 + -15)?
18
What is 21 + -2 - 9 - (-3 + 4 + 16)?
-7
Evaluate 0 + 23 + (-9 - (-9 - (7 - 8))).
22
9 - 11 - (-3 - (0 + 4)) - 5
0
Calculate -14 - (186 - 185 - (0 + -12)).
-27
-6 + (-31 - -22 - -31)
16
-28 - -12 - -12 - 8
-12
0 - 42 - -36 - (-30 + 0)
24
(0 - -3) + (-41 - -38) + (10 - 1)
9
-19 + (-4 - -34) + -7
4
Evaluate 634 + -622 + 0 + -1 + 0 + 3.
14
What is the value of (-9 - (7 - 6)) + (17 - 12)?
-5
What is 17 - (-24 - (-63 - -29))?
7
Evaluate -4 + (6 - (6 - 5) - 7).
-6
Calculate 0 - (14 + 8 - 11).
-11
-13 - (5 + -9 - -8 - (1 + 8))
-8
Calculate -57 - -84 - (-2 + 33).
-4
Calculate -68 + 54 - (-1 + 1) - (7 + -2).
-19
What is the value of (-25 - (-30 - -11)) + (13 - 1) - 16?
-10
-20 + 11 + 0 + (8 - -3)
2
Evaluate -15 + -7 - (-10 - 6).
-6
What is 3 + 8 - -6 - 12?
5
Calculate -4 - (1 + 8 + -17 + 30).
-26
11 + (-12 - -4 - 3)
0
Evaluate -16 - 3 - (-49 + 41).
-11
Evaluate (6 - 14) + 13 + 17 + -11.
11
Calculate 6 + 0 + (-5 + 14 + 0 - 33).
-18
Calculate (-1 - (17 + -7)) + 20.
9
Calculate -5 + 19 + -6 - -34 - 10.
32
Evaluate -23 + 9 + (-12 - -16).
-10
What is the value of -4 - ((-20 - -13) + -6)?
9
Evaluate -2 - (15 - (8 - 0) - 0) - 7.
-16
Evaluate 17 + (-5 - (4 - 6) - 4).
10
Calculate 8 + 7 + -28 - (-2 - (5 + -14)).
-20
What is (14 - (4 + 4)) + (4 + 1 - -3)?
14
Evaluate -16 - (-14 - 19) - 28 - -51.
40
0 + -1 - (-26 + 13 + 15) - -4
1
What is the value of (27 - -12) + -11 + -11 + 9?
26
What is (-8 - -1) + 7 + (-2 - (-3 + -17))?
18
Calculate 155 + -184 + 5 + 55.
31
What is (-52 - -5) + (-8 - -31) + -11?
-35
-1 + 3 + 8 + 2 + 2 + 2
16
What is -1 + -2 + (23 + -50 - -33)?
3
-2 - (6 + -3) - (38 + -24)
-19
Evaluate (2 + 8 - (-5 + 22) - -17) + 7.
17
What is (9 + -5 - 18) + (7 - 2 - 0)?
-9
2 - 3 - ((-1 - -6) + -16)
10
What is the value of 1 + -2 + -3 - (-10 - (9 - 6))?
9
What is the value of (8 - (10 - 9)) + 4 + -19?
-8
Calculate -13 + -7 + -10 + 41.
11
Evaluate -11 - 2 - (30 - (8 + 8)).
-27
-23 + -4 - (1 + (-8 - -3))
-23
Evaluate 0 + -10 + (61 - 70) + -8.
-27
Evaluate (-5 - -1) + (-22 - (-13 + 3) - -21).
5
(-27 - (-2 - (-1 - -6))) + (-2 - -1)
-21
Evaluate -15 - (-22 - (-3 + -11)).
-7
What is the value of (2 + 7 - 1) + -9 - 8?
-9
Evaluate 15 - 1 - (25 - (21 + -40)).
-30
What is -9 - (-5 - (-17 - -10))?
-11
What is the value of (-14 - (-1 - 0) - -5) + -4?
-12
Calculate 16 + -46 - -12 - -19.
1
Calculate -4 + -1 + 13 + -1 + (-26 - -35).
16
Calculate 12 - (10 - (-2 - 0)).
0
Evaluate (3 + -3 - 9) + 1 - -1.
-7
What is the value of (-17 - -5 - -18) + 2 + -8 + 0?
0
Calculate (2 - 3 - (-38 - -32)) + 1 + 9.
15
What is -14 - -4 - (-9 - (0 - (5 - 36)))?
30
Calculate 1 - (-24 + 26 + -8 + (0 - -7)).
0
(-38 - (-32 - -18)) + 20
-4
Evaluate (-46 - -48 - 3) + (0 - -1).
0
What is the value of 12 + -5 - (4 + -4 + (1 - 5))?
11
What is the value of (-16 - -8 - -20) + -22 + -15?
-25
-16 + (18 - (-1 + -18))
21
59 + -2 + -72 - (1 + 8)
-24
Calculate 8 - (-10 - (-5 + -9) - 17).
21
What is 27 + (-44 - (-6 - 13))?
2
Evaluate -17 + 35 + -11 + -7 - (-7 - 1).
8
1 + -16 + -36 - -17
-34
What is the value of 29 - (-21 - -57) - -17?
10
What is 3 + -9 + 11 - 23 - 11?
-29
Evaluate 11 + (0 - (6 + (1 - 0))).
4
What is the value of 29 + -49 + (32 - -1)?
13
What is the value of (9 - -2) + -3 + (-4 - -2)?
6
What is (8 - (-11 - -8)) + -11 + 1?
1
What is the value of -1 - -2 - 1 - (4 - 0 - 15)?
11
Calculate -7 + (5 - (-9 - -6)) + -5 - 7.
-11
Calculate (-1 - 2) + -6 + (8 - (-12 - -7)).
4
What is -11 + 7 + (-11 - -1) + 6 - -42?
34
What is the value of (-22 - -39) + -1 - (1 - 0 - -1)?
14
Evaluate -15 + -43 + 39 - (-1 - 5).
-13
Calculate -8 + -2 + 5 + 55 + -67.
-17
Calculate 109 + -104 + -1 + 6.
10
11 - ((-10 - -5) + 2 - (-8 + -4))
2
What is 7 - (14 - (15 - 7 - 13))?
-12
What is 18 - (-15 - -18 - (0 + -7))?
8
Evaluate (6 - -1) + (0 - 33) + 18.
-8
0 - 0 - (-25 + 28)
-3
What is the value of (-7 - 24) + 21 + 6 + 1?
-3
What is the value of (2 - -5) + 7 + (0 - 11) + 3?
6
What is (-2 + 2 - 2) + 0 + (31 - 3)?
26
What is 29 - 56 - -31 - 39?
-35
What is (1 + -6 + 12 - 10) + -1 + 18?
14
Evaluate 0 + 14 + -16 + -2.
-4
Calculate (-3 - -11 - 6) + 4 + 4 - -1.
11
What is the value of (3 - 21) + 4 + 17?
3
Calculate 14 + (8 - (10 - -3)) + 3.
12
(1 - (9 - 2)) + (-2 - (5 - 3))
-10
Evaluate (-15 - (-9 - -2)) + 22 + 21 + -13.
22
What is 2 - -1 - (4 + 19 + -19)?
-1
What is the value of (2 - 17 - -25) + -28?
-18
What is the value of 75 + -33 + -43 - (16 - 1)?
-16
-12 + 25 + -8 - -5
10
(-24 - 5 - -17) + 9
-3
What is the value of -7 - (-10 - (1 - 14))?
-10
-17 + (49 - 5 - 18)
9
-6 + 35 - (102 - 93)
20
What is the value of -3 + -4 + -3 + 15 + -4?
1
-2 - (6 + (3 - 7) + 4)
-8
What is the value of -7 + 0 + (1383 - 1340)?
36
-5 - (0 + (0 - (0 + 5) - 2))
2
What is the value of 0 - -7 - ((15 - -29) + -58)?
21
What is the value of 9 - (6 + (6 - 6) - -9)?
-6
What is 5 + 10 - (1 - -26) - -20?
8
What is (-12 - -8) + 8 + 1 + -1?
4
-24 - (-10 - (-14 - -16))
-12
Calculate 14 - (46 - 15) - -26.
9
-6 + 16 - 1 - (-62 - -44)
27
What is the value of -13 + 10 + 7 + -1 + -9 - -5?
-1
Calculate -5 + -1 - -16 - (5 + -7 + 11).
1
What is the value of -6 + 6 - (-22 - (-4 - 4) - -2)?
12
Evaluate -1 - 23 - (-28 + 11).
-7
Calculate 12 + (2 - 3) - ((2 - 12) + 5).
16
What is the value of (1 - -12 - 2) + -46 + 38?
3
12 + (-3 - -22 - 15 - -19)
35
10 - (25 + -31 + (1 - 0) + 11)
4
Calculate 38 - (-29 - (-22 - 28)).
17
Calculate -23 + (-18 - -17) - -32.
8
What is the value of -8 + (42 - 4) + -33?
-3
-8 + (3 - -4) + -5 + 7
1
What is the value of (2 - -7) + 0 + 3 + 1?
13
What is the value of -66 - -81 - (2 + -3)?
16
Calculate -2 + 2 + -3 + (1 + -4 - -7).
1
What is 2 + 3 - (-4 + 2) - -6?
13
What is the value of -16 + -5 + 20 + -1 + 4?
2
What is the value of (-16 - -16) + 4 + 3 + -6 + 10?
11
Calculate -3 + (-6 - -9 - -3) - (7 + -14).
10
What is the value of (0 - -4) + 0 - -10?
14
Calculate -2 - (1 + -16 + 0 + (67 - 59)).
5
What is the value of 1 + (-6 + 7 - 7) - (18 + -10)?
-13
What is 3 + 11 + (5 - (-6 - -4) - 13)?
8
65 + -62 + 1 + 1 + 4 - 19
-10
(1 - 7) + 20 + -14 - -2
2
What is 16 - ((-1 - 25) + 38)?
4
What is -16 + (1 - 0) + -21 + (-17 - -49)?
-4
-5 + 14 - 14 - (3 + -8)
0
What is -5 - -1 - (-309 - -323)?
-18
Calculate 0 - ((0 - -7) + 21 - -1 - 8).
-21
What is the value of 0 + -10 + 1081 + -1082?
-11
Evaluate 1 - (0 - (3 - (-4 + 7) - -6)).
7
What is -10 + -14 + 24 + -17 + 8?
-9
What is 3 - (-34 + 28 + (1 - (1 + -9)))?
0
What is 46 - (-25 + 89) - (2 + 14)?
-34
-11 - (-49 + (52 - 27))
13
What is the value of (4 - 10) + (-1 - (-11 + 6))?
-2
What is the value of 14 - (-24 - -4 - -14)?
20
What is 4 + (-1 - -2) + 2?
7
Calculate (9 - 5 - 5) + -10 - -12.
1
What is the value of -10 + (-1 - -9) + (28 - 36)?
-10
What is the value of -18 + 19 - (14 + 7)?
-20
Calculate -5 + -6 - 4 - -6.
-9
(29 - 9) + -5 + 6 + -7
14
Calculate -17 - (-17 + -3 + -19 + 56).
-34
What is the value of -